{"id":259,"date":"2016-05-25T14:03:20","date_gmt":"2016-05-25T13:03:20","guid":{"rendered":"https:\/\/www.stutenmilch.be\/fr\/boutique\/peeling-mit-azulen-und-wachskristalle\/"},"modified":"2021-05-25T13:48:00","modified_gmt":"2021-05-25T11:48:00","slug":"le-gommage-a-lazulene-et-cristaux-de-cire","status":"publish","type":"product","link":"https:\/\/www.stutenmilch.be\/fr\/boutique\/le-gommage-a-lazulene-et-cristaux-de-cire\/","title":{"rendered":"Le gommage \u00e0 l&rsquo;azul\u00e8ne et cristaux de cire"},"content":{"rendered":"","protected":false},"excerpt":{"rendered":"<p>Le gommage au lait de jument \u00a0est adapt\u00e9 pour tout type de peau. En plus de l&rsquo;effet traditionnel de gommage, il rend la peau lisse et souple. Le gommage ne dess\u00e8che pas la peau et \u00e9limine les cellules mortes. L\u2019azul\u00e8ne a un effet calmant et anti-inflammatoire.<\/p>\n<p>Application: Les substances actives du produit sont absorb\u00e9es par la peau, par cons\u00e9quent, veuillez l&rsquo;appliquer en abondance, dans une couche \u00e9paisse. Puis, sans laisser s\u00e9cher, imm\u00e9diatement frotter avec des mouvements circulaires des doigts. Laver le r\u00e9sidu avec de l\u2019eau chaude.<\/p>\n","protected":false},"featured_media":13572,"template":"","meta":{"_acf_changed":false},"product_brand":[],"product_cat":[15,143],"product_tag":[],"class_list":{"0":"post-259","1":"product","2":"type-product","3":"status-publish","4":"has-post-thumbnail","6":"product_cat-cosmetique","7":"product_cat-produits","9":"first","10":"instock","11":"taxable","12":"shipping-taxable","13":"purchasable","14":"product-type-simple"},"acf":[],"yoast_head":"<!-- This site is optimized with the Yoast SEO plugin v27.5 - https:\/\/yoast.com\/product\/yoast-seo-wordpress\/ -->\n<title>Le gommage \u00e0 l&#039;azul\u00e8ne et cristaux de cire - StutenMilch<\/title>\n<meta name=\"description\" content=\"Le gommage \u00e0 l&#039;azul\u00e8ne et cristaux de cire - StutenMilch\" \/>\n<meta name=\"robots\" content=\"index, follow, max-snippet:-1, max-image-preview:large, max-video-preview:-1\" \/>\n<link rel=\"canonical\" href=\"https:\/\/www.stutenmilch.be\/fr\/boutique\/le-gommage-a-lazulene-et-cristaux-de-cire\/\" \/>\n<meta property=\"og:locale\" content=\"fr_FR\" \/>\n<meta property=\"og:type\" content=\"article\" \/>\n<meta property=\"og:title\" content=\"Le gommage \u00e0 l&#039;azul\u00e8ne et cristaux de cire - StutenMilch\" \/>\n<meta property=\"og:description\" content=\"Le gommage \u00e0 l&#039;azul\u00e8ne et cristaux de cire - StutenMilch\" \/>\n<meta property=\"og:url\" content=\"https:\/\/www.stutenmilch.be\/fr\/boutique\/le-gommage-a-lazulene-et-cristaux-de-cire\/\" \/>\n<meta property=\"og:site_name\" content=\"StutenMilch\" \/>\n<meta property=\"article:modified_time\" content=\"2021-05-25T11:48:00+00:00\" \/>\n<meta property=\"og:image\" content=\"https:\/\/www.stutenmilch.be\/wp-content\/uploads\/stutenmilch.be_UNICORNIS-SM-Peeling-scaled.jpg\" \/>\n\t<meta property=\"og:image:width\" content=\"2518\" \/>\n\t<meta property=\"og:image:height\" content=\"2000\" \/>\n\t<meta property=\"og:image:type\" content=\"image\/jpeg\" \/>\n<meta name=\"twitter:card\" content=\"summary_large_image\" \/>\n<script type=\"application\/ld+json\" class=\"yoast-schema-graph\">{\"@context\":\"https:\\\/\\\/schema.org\",\"@graph\":[{\"@type\":\"WebPage\",\"@id\":\"https:\\\/\\\/www.stutenmilch.be\\\/fr\\\/boutique\\\/le-gommage-a-lazulene-et-cristaux-de-cire\\\/\",\"url\":\"https:\\\/\\\/www.stutenmilch.be\\\/fr\\\/boutique\\\/le-gommage-a-lazulene-et-cristaux-de-cire\\\/\",\"name\":\"Le gommage \u00e0 l'azul\u00e8ne et cristaux de cire - StutenMilch\",\"isPartOf\":{\"@id\":\"https:\\\/\\\/www.stutenmilch.be\\\/#website\"},\"primaryImageOfPage\":{\"@id\":\"https:\\\/\\\/www.stutenmilch.be\\\/fr\\\/boutique\\\/le-gommage-a-lazulene-et-cristaux-de-cire\\\/#primaryimage\"},\"image\":{\"@id\":\"https:\\\/\\\/www.stutenmilch.be\\\/fr\\\/boutique\\\/le-gommage-a-lazulene-et-cristaux-de-cire\\\/#primaryimage\"},\"thumbnailUrl\":\"https:\\\/\\\/www.stutenmilch.be\\\/wp-content\\\/uploads\\\/SM_UNICORNIS-PACKSHOT_Peeling-def-scaled.jpg\",\"datePublished\":\"2016-05-25T13:03:20+00:00\",\"dateModified\":\"2021-05-25T11:48:00+00:00\",\"description\":\"Le gommage \u00e0 l'azul\u00e8ne et cristaux de cire - StutenMilch\",\"breadcrumb\":{\"@id\":\"https:\\\/\\\/www.stutenmilch.be\\\/fr\\\/boutique\\\/le-gommage-a-lazulene-et-cristaux-de-cire\\\/#breadcrumb\"},\"inLanguage\":\"fr-FR\",\"potentialAction\":[{\"@type\":\"ReadAction\",\"target\":[\"https:\\\/\\\/www.stutenmilch.be\\\/fr\\\/boutique\\\/le-gommage-a-lazulene-et-cristaux-de-cire\\\/\"]}]},{\"@type\":\"ImageObject\",\"inLanguage\":\"fr-FR\",\"@id\":\"https:\\\/\\\/www.stutenmilch.be\\\/fr\\\/boutique\\\/le-gommage-a-lazulene-et-cristaux-de-cire\\\/#primaryimage\",\"url\":\"https:\\\/\\\/www.stutenmilch.be\\\/wp-content\\\/uploads\\\/SM_UNICORNIS-PACKSHOT_Peeling-def-scaled.jpg\",\"contentUrl\":\"https:\\\/\\\/www.stutenmilch.be\\\/wp-content\\\/uploads\\\/SM_UNICORNIS-PACKSHOT_Peeling-def-scaled.jpg\",\"width\":2000,\"height\":2000},{\"@type\":\"BreadcrumbList\",\"@id\":\"https:\\\/\\\/www.stutenmilch.be\\\/fr\\\/boutique\\\/le-gommage-a-lazulene-et-cristaux-de-cire\\\/#breadcrumb\",\"itemListElement\":[{\"@type\":\"ListItem\",\"position\":1,\"name\":\"Shop\",\"item\":\"https:\\\/\\\/www.stutenmilch.be\\\/fr\\\/shop\\\/\"},{\"@type\":\"ListItem\",\"position\":2,\"name\":\"Le gommage \u00e0 l&#8217;azul\u00e8ne et cristaux de cire\"}]},{\"@type\":\"WebSite\",\"@id\":\"https:\\\/\\\/www.stutenmilch.be\\\/#website\",\"url\":\"https:\\\/\\\/www.stutenmilch.be\\\/\",\"name\":\"StutenMilch\",\"description\":\"\",\"potentialAction\":[{\"@type\":\"SearchAction\",\"target\":{\"@type\":\"EntryPoint\",\"urlTemplate\":\"https:\\\/\\\/www.stutenmilch.be\\\/?s={search_term_string}\"},\"query-input\":{\"@type\":\"PropertyValueSpecification\",\"valueRequired\":true,\"valueName\":\"search_term_string\"}}],\"inLanguage\":\"fr-FR\"}]}<\/script>\n<!-- \/ Yoast SEO plugin. -->","yoast_head_json":{"title":"Le gommage \u00e0 l'azul\u00e8ne et cristaux de cire - StutenMilch","description":"Le gommage \u00e0 l'azul\u00e8ne et cristaux de cire - StutenMilch","robots":{"index":"index","follow":"follow","max-snippet":"max-snippet:-1","max-image-preview":"max-image-preview:large","max-video-preview":"max-video-preview:-1"},"canonical":"https:\/\/www.stutenmilch.be\/fr\/boutique\/le-gommage-a-lazulene-et-cristaux-de-cire\/","og_locale":"fr_FR","og_type":"article","og_title":"Le gommage \u00e0 l'azul\u00e8ne et cristaux de cire - StutenMilch","og_description":"Le gommage \u00e0 l'azul\u00e8ne et cristaux de cire - StutenMilch","og_url":"https:\/\/www.stutenmilch.be\/fr\/boutique\/le-gommage-a-lazulene-et-cristaux-de-cire\/","og_site_name":"StutenMilch","article_modified_time":"2021-05-25T11:48:00+00:00","og_image":[{"width":2518,"height":2000,"url":"https:\/\/www.stutenmilch.be\/wp-content\/uploads\/stutenmilch.be_UNICORNIS-SM-Peeling-scaled.jpg","type":"image\/jpeg"}],"twitter_card":"summary_large_image","schema":{"@context":"https:\/\/schema.org","@graph":[{"@type":"WebPage","@id":"https:\/\/www.stutenmilch.be\/fr\/boutique\/le-gommage-a-lazulene-et-cristaux-de-cire\/","url":"https:\/\/www.stutenmilch.be\/fr\/boutique\/le-gommage-a-lazulene-et-cristaux-de-cire\/","name":"Le gommage \u00e0 l'azul\u00e8ne et cristaux de cire - StutenMilch","isPartOf":{"@id":"https:\/\/www.stutenmilch.be\/#website"},"primaryImageOfPage":{"@id":"https:\/\/www.stutenmilch.be\/fr\/boutique\/le-gommage-a-lazulene-et-cristaux-de-cire\/#primaryimage"},"image":{"@id":"https:\/\/www.stutenmilch.be\/fr\/boutique\/le-gommage-a-lazulene-et-cristaux-de-cire\/#primaryimage"},"thumbnailUrl":"https:\/\/www.stutenmilch.be\/wp-content\/uploads\/SM_UNICORNIS-PACKSHOT_Peeling-def-scaled.jpg","datePublished":"2016-05-25T13:03:20+00:00","dateModified":"2021-05-25T11:48:00+00:00","description":"Le gommage \u00e0 l'azul\u00e8ne et cristaux de cire - StutenMilch","breadcrumb":{"@id":"https:\/\/www.stutenmilch.be\/fr\/boutique\/le-gommage-a-lazulene-et-cristaux-de-cire\/#breadcrumb"},"inLanguage":"fr-FR","potentialAction":[{"@type":"ReadAction","target":["https:\/\/www.stutenmilch.be\/fr\/boutique\/le-gommage-a-lazulene-et-cristaux-de-cire\/"]}]},{"@type":"ImageObject","inLanguage":"fr-FR","@id":"https:\/\/www.stutenmilch.be\/fr\/boutique\/le-gommage-a-lazulene-et-cristaux-de-cire\/#primaryimage","url":"https:\/\/www.stutenmilch.be\/wp-content\/uploads\/SM_UNICORNIS-PACKSHOT_Peeling-def-scaled.jpg","contentUrl":"https:\/\/www.stutenmilch.be\/wp-content\/uploads\/SM_UNICORNIS-PACKSHOT_Peeling-def-scaled.jpg","width":2000,"height":2000},{"@type":"BreadcrumbList","@id":"https:\/\/www.stutenmilch.be\/fr\/boutique\/le-gommage-a-lazulene-et-cristaux-de-cire\/#breadcrumb","itemListElement":[{"@type":"ListItem","position":1,"name":"Shop","item":"https:\/\/www.stutenmilch.be\/fr\/shop\/"},{"@type":"ListItem","position":2,"name":"Le gommage \u00e0 l&#8217;azul\u00e8ne et cristaux de cire"}]},{"@type":"WebSite","@id":"https:\/\/www.stutenmilch.be\/#website","url":"https:\/\/www.stutenmilch.be\/","name":"StutenMilch","description":"","potentialAction":[{"@type":"SearchAction","target":{"@type":"EntryPoint","urlTemplate":"https:\/\/www.stutenmilch.be\/?s={search_term_string}"},"query-input":{"@type":"PropertyValueSpecification","valueRequired":true,"valueName":"search_term_string"}}],"inLanguage":"fr-FR"}]}},"_links":{"self":[{"href":"https:\/\/www.stutenmilch.be\/fr\/wp-json\/wp\/v2\/product\/259","targetHints":{"allow":["GET"]}}],"collection":[{"href":"https:\/\/www.stutenmilch.be\/fr\/wp-json\/wp\/v2\/product"}],"about":[{"href":"https:\/\/www.stutenmilch.be\/fr\/wp-json\/wp\/v2\/types\/product"}],"wp:featuredmedia":[{"embeddable":true,"href":"https:\/\/www.stutenmilch.be\/fr\/wp-json\/wp\/v2\/media\/13572"}],"wp:attachment":[{"href":"https:\/\/www.stutenmilch.be\/fr\/wp-json\/wp\/v2\/media?parent=259"}],"wp:term":[{"taxonomy":"product_brand","embeddable":true,"href":"https:\/\/www.stutenmilch.be\/fr\/wp-json\/wp\/v2\/product_brand?post=259"},{"taxonomy":"product_cat","embeddable":true,"href":"https:\/\/www.stutenmilch.be\/fr\/wp-json\/wp\/v2\/product_cat?post=259"},{"taxonomy":"product_tag","embeddable":true,"href":"https:\/\/www.stutenmilch.be\/fr\/wp-json\/wp\/v2\/product_tag?post=259"}],"curies":[{"name":"wp","href":"https:\/\/api.w.org\/{rel}","templated":true}]}}

Le gommage à l&rsquo;azulène et cristaux de cire

<p>Le gommage au lait de jument  est adapté pour tout type de peau. En plus de l&rsquo;effet traditionnel de gommage, il rend la peau lisse et souple. Le gommage ne dessèche pas la peau et élimine les cellules mortes. L’azulène a un effet calmant et anti-inflammatoire.</p>
<p>Application: Les substances actives du produit sont absorbées par la peau, par conséquent, veuillez l&rsquo;appliquer en abondance, dans une couche épaisse. Puis, sans laisser sécher, immédiatement frotter avec des mouvements circulaires des doigts. Laver le résidu avec de l’eau chaude.</p>

<!-- This site is optimized with the Yoast SEO plugin v27.5 - https://yoast.com/product/yoast-seo-wordpress/ -->
<title>Le gommage à l&#039;azulène et cristaux de cire - StutenMilch</title>
<meta name="description" content="Le gommage à l&#039;azulène et cristaux de cire - StutenMilch" />
<meta name="robots" content="index, follow, max-snippet:-1, max-image-preview:large, max-video-preview:-1" />
<link rel="canonical" href="https://www.stutenmilch.be/fr/boutique/le-gommage-a-lazulene-et-cristaux-de-cire/" />
<meta property="og:locale" content="fr_FR" />
<meta property="og:type" content="article" />
<meta property="og:title" content="Le gommage à l&#039;azulène et cristaux de cire - StutenMilch" />
<meta property="og:description" content="Le gommage à l&#039;azulène et cristaux de cire - StutenMilch" />
<meta property="og:url" content="https://www.stutenmilch.be/fr/boutique/le-gommage-a-lazulene-et-cristaux-de-cire/" />
<meta property="og:site_name" content="StutenMilch" />
<meta property="article:modified_time" content="2021-05-25T11:48:00+00:00" />
<meta property="og:image" content="https://www.stutenmilch.be/wp-content/uploads/stutenmilch.be_UNICORNIS-SM-Peeling-scaled.jpg" />
	<meta property="og:image:width" content="2518" />
	<meta property="og:image:height" content="2000" />
	<meta property="og:image:type" content="image/jpeg" />
<meta name="twitter:card" content="summary_large_image" />
<script type="application/ld+json" class="yoast-schema-graph">{"@context":"https:\/\/schema.org","@graph":[{"@type":"WebPage","@id":"https:\/\/www.stutenmilch.be\/fr\/boutique\/le-gommage-a-lazulene-et-cristaux-de-cire\/","url":"https:\/\/www.stutenmilch.be\/fr\/boutique\/le-gommage-a-lazulene-et-cristaux-de-cire\/","name":"Le gommage à l'azulène et cristaux de cire - StutenMilch","isPartOf":{"@id":"https:\/\/www.stutenmilch.be\/#website"},"primaryImageOfPage":{"@id":"https:\/\/www.stutenmilch.be\/fr\/boutique\/le-gommage-a-lazulene-et-cristaux-de-cire\/#primaryimage"},"image":{"@id":"https:\/\/www.stutenmilch.be\/fr\/boutique\/le-gommage-a-lazulene-et-cristaux-de-cire\/#primaryimage"},"thumbnailUrl":"https:\/\/www.stutenmilch.be\/wp-content\/uploads\/SM_UNICORNIS-PACKSHOT_Peeling-def-scaled.jpg","datePublished":"2016-05-25T13:03:20+00:00","dateModified":"2021-05-25T11:48:00+00:00","description":"Le gommage à l'azulène et cristaux de cire - StutenMilch","breadcrumb":{"@id":"https:\/\/www.stutenmilch.be\/fr\/boutique\/le-gommage-a-lazulene-et-cristaux-de-cire\/#breadcrumb"},"inLanguage":"fr-FR","potentialAction":[{"@type":"ReadAction","target":["https:\/\/www.stutenmilch.be\/fr\/boutique\/le-gommage-a-lazulene-et-cristaux-de-cire\/"]}]},{"@type":"ImageObject","inLanguage":"fr-FR","@id":"https:\/\/www.stutenmilch.be\/fr\/boutique\/le-gommage-a-lazulene-et-cristaux-de-cire\/#primaryimage","url":"https:\/\/www.stutenmilch.be\/wp-content\/uploads\/SM_UNICORNIS-PACKSHOT_Peeling-def-scaled.jpg","contentUrl":"https:\/\/www.stutenmilch.be\/wp-content\/uploads\/SM_UNICORNIS-PACKSHOT_Peeling-def-scaled.jpg","width":2000,"height":2000},{"@type":"BreadcrumbList","@id":"https:\/\/www.stutenmilch.be\/fr\/boutique\/le-gommage-a-lazulene-et-cristaux-de-cire\/#breadcrumb","itemListElement":[{"@type":"ListItem","position":1,"name":"Shop","item":"https:\/\/www.stutenmilch.be\/fr\/shop\/"},{"@type":"ListItem","position":2,"name":"Le gommage à l&#8217;azulène et cristaux de cire"}]},{"@type":"WebSite","@id":"https:\/\/www.stutenmilch.be\/#website","url":"https:\/\/www.stutenmilch.be\/","name":"StutenMilch","description":"","potentialAction":[{"@type":"SearchAction","target":{"@type":"EntryPoint","urlTemplate":"https:\/\/www.stutenmilch.be\/?s={search_term_string}"},"query-input":{"@type":"PropertyValueSpecification","valueRequired":true,"valueName":"search_term_string"}}],"inLanguage":"fr-FR"}]}</script>
<!-- / Yoast SEO plugin. -->

Le gommage à l'azulène et cristaux de cire - StutenMilch

Le gommage à l&#8217;azulène et cristaux de cire
